me factors of 886786565?
5, 7, 101, 35837
What are the prime factors of 27155926?
2, 7, 97, 19997
What are the prime factors of 13843417?
7, 1977631
What are the prime factors of 79306030?
2, 5, 59, 134417
List the prime factors of 101495378.
2, 19, 2670931
List the prime factors of 322242481.
11, 47, 56663
What are the prime factors of 335432415?
3, 5, 29, 771109
List the prime factors of 1547005856.
2, 11, 4394903
List the prime factors of 49859450.
2, 5, 199, 5011
List the prime factors of 1901050452.
2, 3, 7, 359231
What are the prime factors of 515771592?
2, 3, 7, 61, 50329
What are the prime factors of 14436154?
2, 269, 26833
What are the prime factors of 81698088?
2, 3, 3404087
What are the prime factors of 35452892?
2, 1163, 7621
What are the prime factors of 136960510?
2, 5, 2203, 6217
List the prime factors of 25180990.
2, 5, 29, 31, 2801
What are the prime factors of 392866913?
392866913
What are the prime factors of 674773836?
2, 3, 11, 5111923
What are the prime factors of 561586477?
19, 1889, 15647
What are the prime factors of 9008831065?
5, 13, 138597401
What are the prime factors of 356730071?
356730071
What are the prime factors of 420759122?
2, 7, 277, 108499
List the prime factors of 171984691.
1723, 99817
List the prime factors of 531506679.
3, 11, 211, 76333
What are the prime factors of 69621?
3, 23, 1009
What are the prime factors of 3025667500?
2, 5, 59, 73, 281
What are the prime factors of 280884813?
3, 11, 251, 33911
What are the prime factors of 1946966798?
2, 7, 3011, 46187
List the prime factors of 49773496.
2, 67, 92861
What are the prime factors of 21517321?
7, 157, 2797
List the prime factors of 242140383.
3, 41, 197, 3331
What are the prime factors of 144969971?
131, 839, 1319
What are the prime factors of 6104429197?
41, 1847, 80611
What are the prime factors of 2276357681?
13, 17, 19, 542119
What are the prime factors of 86074280?
2, 5, 23, 93559
What are the prime factors of 308302015?
5, 7, 8808629
List the prime factors of 2490578818.
2, 7, 13, 13684499
List the prime factors of 315943476.
2, 3, 19, 109, 12713
List the prime factors of 4715103651.
3, 139, 839, 13477
What are the prime factors of 774866550?
2, 3, 5, 19, 23, 11821
List the prime factors of 34514689.
11, 3137699
What are the prime factors of 44992308?
2, 3, 83, 199, 227
What are the prime factors of 1535335305?
3, 5, 7, 109, 163, 823
List the prime factors of 705143460.
2, 3, 5, 7, 397, 4229
What are the prime factors of 2866619?
7, 409517
What are the prime factors of 114342076?
2, 19, 1504501
What are the prime factors of 352967697?
3, 47, 834439
What are the prime factors of 126037393?
19, 29, 59, 3877
List the prime factors of 61270680.
2, 3, 5, 510589
List the prime factors of 3446326506.
2, 3, 7, 11722199
List the prime factors of 98520549.
3, 997, 32939
List the prime factors of 8287467384.
2, 3, 7, 49330163
List the prime factors of 3060547181.
3060547181
What are the prime factors of 95209525?
5, 31, 43, 2857
What are the prime factors of 76953419?
76953419
List the prime factors of 96934136.
2, 13, 17, 109, 503
What are the prime factors of 1146348595?
5, 7, 32752817
List the prime factors of 94265151.
3, 89, 353053
List the prime factors of 1204411551.
3, 7, 149, 384919
List the prime factors of 5884128970.
2, 5, 588412897
What are the prime factors of 19607502?
2, 3, 71, 46027
List the prime factors of 1486809286.
2, 23, 2837, 11393
What are the prime factors of 1055141470?
2, 5, 3463, 30469
What are the prime factors of 65661166?
2, 79, 415577
What are the prime factors of 528718569?
3, 176239523
List the prime factors of 1297625162.
2, 47, 89, 109, 1423
List the prime factors of 46242356.
2, 29, 271, 1471
What are the prime factors of 3311985179?
61, 157, 173, 1999
What are the prime factors of 245813167?
23, 31, 344759
List the prime factors of 62903045.
5, 23, 97, 5639
What are the prime factors of 144202095?
3, 5, 109, 29399
What are the prime factors of 125520901?
11, 11410991
List the prime factors of 37849736.
2, 1019, 4643
List the prime factors of 170011247.
7, 1811, 13411
List the prime factors of 11164859.
349, 31991
What are the prime factors of 4918644856?
2, 239, 2572513
List the prime factors of 151033600.
2, 5, 23599
What are the prime factors of 2176499?
13, 167423
List the prime factors of 498598080.
2, 3, 5, 519373
What are the prime factors of 233763530?
2, 5, 7, 11, 13, 193
What are the prime factors of 6036009866?
2, 7993, 377581
List the prime factors of 75611704.
2, 7, 192887
List the prime factors of 4453161104.
2, 7, 101, 393667
List the prime factors of 102435183.
3, 17, 39383
List the prime factors of 629939424.
2, 3, 101, 64969
List the prime factors of 363027445.
5, 11, 6600499
List the prime factors of 445838603.
7, 1299821
What are the prime factors of 847252151?
223, 3799337
List the prime factors of 1956469369.
29, 67464461
What are the prime factors of 2721235778?
2, 1360617889
What are the prime factors of 216065654?
2, 7, 41, 9181
What are the prime factors of 457254571?
29, 15767399
What are the prime factors of 216942654?
2, 3, 43, 840863
List the prime factors of 111861527.
263, 425329
What are the prime factors of 1406912947?
11, 103, 953, 1303
What are the prime factors of 47484034?
2, 13, 1049, 1741
What are the prime factors of 74302831?
73, 1017847
List the prime factors of 69671483.
7, 1421867
List the prime factors of 147588086.
2, 19, 31, 125287
What are the prime factors of 48402703?
197, 277, 887
List the prime factors of 1609321705.
5, 113, 353, 8069
List the prime factors of 515037992.
2, 7, 1087, 8461
What are the prime factors of 103066037?
103066037
What are the prime factors of 254519723?
107, 431, 5519
What are the prime factors of 319291033?
319291033
What are the prime factors of 78784899?
3, 26261633
What are the prime factors of 845546288?
2, 52846643
List the prime factors of 794411.
151, 5261
List the prime factors of 657894964.
2, 164473741
What are the prime factors of 388422679?
388422679
List the prime factors of 92085804.
2, 3, 17, 53, 167
What are the prime factors of 241806557?
241806557
What are the prime factors of 5843847?
3, 193, 10093
List the prime factors of 522681899.
41, 43, 296473
List the prime factors of 1241154090.
2, 3, 5, 11, 59, 787
What are the prime factors of 1027116577?
29, 35417813
What are the prime factors of 23879274?
2, 3, 379, 10501
What are the prime factors of 903597767?
903597767
List the prime factors of 4210861230.
2, 3, 5, 46787347
What are the prime factors of 27463678?
2, 11, 1248349
List the prime factors of 5920097841.
3, 7, 137, 228637
List the prime factors of 4665756042.
2, 3, 269, 963601
What are the prime factors of 243539106?
2, 3, 37, 167, 6569
What are the prime factors of 5376735?
3, 5, 7, 13, 101
List the prime factors of 760346071.
760346071
What are the prime factors of 6484478734?
2, 23, 37, 3809917
What are the prime factors of 4414093214?
2, 17, 129826271
What are the prime factors of 219074791?
13, 67, 97, 2593
What are the prime factors of 268047033?
3, 89349011
List the prime factors of 52529558.
2, 17, 1544987
What are the prime factors of 208429533?
3, 13, 1781449
List the prime factors of 1076776012.
2, 13, 20707231
What are the prime factors of 115752581?
7, 16536083
What are the prime factors of 1617809713?
13, 124446901
What are the prime factors of 100677696?
2, 3, 7, 173, 433
What are the prime factors of 117666610?
2, 5, 83, 141767
List the prime factors of 4175895204.
2, 3, 13, 1907, 4679
List the prime factors of 905460357.
3, 2459, 122741
What are the prime factors of 12180826?
2, 7, 870059
List the prime factors of 256014213.
3, 7, 13, 31, 179
List the prime factors of 25515347.
11, 13, 19, 9391
List the prime factors of 312033487.
17, 18354911
List the prime factors of 3761335271.
269, 13982659
List the prime factors of 78783361.
103, 764887
List the prime factors of 200821356.
2, 3, 619819
What are the prime factors of 195447728?
2, 7, 43, 40583
What are the prime factors of 238243029?
3, 31, 2561753
List the prime factors of 2576251616.
2, 80507863
What are the prime factors of 225478466?
2, 3089, 36497
List the prime factors of 70732589.
70732589
What are the prime factors of 22562163